+ 143*c**3. What is the remainder when 282 is divided by a(-2)?
54
Suppose -f + 1345 + 3059 = 0. Calculate the remainder when f is divided by 113.
110
Let b(t) = 83*t - 164. Let r be b(2). Suppose 12*g - 7*g + 42 = r*j, j = -2*g + 30. What is the remainder when 330 is divided by j?
18
Let c(r) = -2*r - 28. Let v be c(-15). What is the remainder when v + -8 + 121 - 1 is divided by 41?
32
Let u(a) = -11*a + 11. Let i be u(5). Let w = -25 - i. Let c(r) = -13*r - 36. Calculate the remainder when c(-7) is divided by w.
17
Let o(n) = 64*n**2 + 76*n - 249. Calculate the remainder when o(3) is divided by 79.
2
Suppose 2*d + z - 57 = 0, -2*d = -5*z - 0*z - 87. What is the remainder when 123 is divided by d?
30
Let b = 1524 + -1339. What is the remainder when b is divided by 1 - (-11*2 + 9 + -7)?
17
Let n(s) = 4*s**3 - 3*s**2 + 6*s - 9. Suppose -26*m = -38*m + 24. What is the remainder when 56 is divided by n(m)?
10
Let h = -369 - -666. What is the remainder when h is divided by 43?
39
Let p be (-3)/(-2) - 42/4. Let t be 4 + -2 + 0 - p. Suppose t = -2*i + 3*i. Calculate the remainder when 20 is divided by i.
9
Let h(n) = 225*n**2 + 3. Let p be h(-2). Let u = p - 594. What is the remainder when u is divided by 10?
9
Let p = -4 + 4. Suppose p = -8*d + 5*d + 30. What is the remainder when d is divided by 5?
0
Let v = -92 - -160. Suppose 0 = -3*b + 5*b - v. Calculate the remainder when b is divided by 1/(-3) + (-3 - (-368)/24).
10
Let d(b) = b**3 - 7*b**2 + 2*b - 10. Let h be d(7). Let t be h - (2 - 255/12)*4. Suppose -6*w = -3*w - t. Calculate the remainder when w is divided by 10.
7
Let c be 1/(-3)*-23 - (-4)/12. Let u(h) = 14*h + 2 - 5*h**2 + 6*h**3 + 1 - c*h**3 + h**3. What is the remainder when 10 is divided by u(-7)?
1
Suppose -6*p = -3*p + 75. Let o(v) be the first derivative of -v**4/2 - 50*v**3/3 + 9*v - 4. What is the remainder when 28 is divided by o(p)?
1
Suppose -4*f = 4*o - 860, f - 140 = -2*o + 70. Suppose -2*x - 4 + 0 = 0, t - f = -x. Calculate the remainder when t is divided by 25.
22
Let m(x) = 7*x**2 - 10*x - 41. Let u be m(-3). Suppose -4*v - 172 = -6*d, 5*v + u + 72 = 4*d. What is the remainder when 54 is divided by d?
2
Let i = -486 + 721. Suppose -4026*q = -3964*q - 2290 - 1368. What is the remainder when i is divided by q?
58
Suppose 0 = 2*h - 4*h + 2, 544 = 5*s - h. Suppose 59 + s = 12*w. What is the remainder when 16 is divided by w?
2
Let c be 30 + (-19)/((-95)/40). Suppose -300 = -c*z + 1030. What is the remainder when 288 is divided by z?
8
Let u(l) = 26*l + 409. Suppose 4*k = -2 - 10, -2*k = 4*h + 66. Calculate the remainder when 739 is divided by u(h).
17
Let f(t) = t**3 - 5*t**2 - 2*t - 7. Let c = 5104 - 5072. Calculate the remainder when c is divided by f(6).
15
Let g(x) = -12*x + 6*x - 46 - 10*x. What is the remainder when g(-6) is divided by (-12)/3*(-27)/6?
14
Let k(z) = 5*z**2 - 66*z - 1308. Calculate the remainder when k(-22) is divided by 638.
12
Let m(d) = 11*d + 343. Let f be m(-29). What is the remainder when 29 - f - (6/2 + -160) is divided by 55?
52
Suppose -2*y - 5*y = -12*y + 335. What is the remainder when 203 is divided by y?
2
Let y(t) = 7*t**3 - 4*t - t - 6*t**3 + 8*t**2 + 4*t - 4. Let b be y(-8). Calculate the remainder when 7 + 0 + b/(16/4) is divided by 2.
0
Let h = 145 + -103. Suppose -25*o = -h*o + 12019. Calculate the remainder when o is divided by 71.
68
Let j be 3904/72 + (-6)/27. Calculate the remainder when 20 is divided by 24/j*2*9/4.
0
Let g = -10224 - -10352. What is the remainder when 260 is divided by g?
4
Let x = 140 - 88. Suppose -15 = 2*u + 5*l + 18, -4*u - 3*l - 31 = 0. Calculate the remainder when x is divided by (u/10)/((-2)/9)*10.
16
Suppose 26*w - 27*w + 3*i - 9 = 0, -29 = -3*w - 5*i. Suppose 165 + 198 = w*s. Calculate the remainder when s is divided by 26.
17
What is the remainder when 471 is divided by 3 + 11 + -12 - -51?
47
Let z = -26 + 45. Calculate the remainder when z is divided by (-1)/3 + (-1152)/(-216).
4
Suppose -f = -4*x + 9 - 5, 2*x - 12 = -2*f. Calculate the remainder when (26/f - 4 - 2)*108 is divided by 19.
16
Let b(h) = 48*h + 6 - 3 - 19*h. Suppose -8*m + 75*m = 268. Calculate the remainder when b(m) is divided by 30.
29
Let m be (54/12 - 5)*0. Suppose m = -z + o + o + 53, 2*z - 121 = o. What is the remainder when 185 is divided by z?
59
Suppose 0 = -874*s + 854*s + 120. Calculate the remainder when 313 is divided by s.
1
Let k(u) = u**3 - u**2 + 27. Let r be k(0). Let o = -6 + r. Calculate the remainder when o is divided by (9/(-6) - -2)*16.
5
Let u(g) = -6*g + 5. Let m(c) = -30*c + 24. Let r(f) = -3*m(f) + 16*u(f). Let z be r(7). Let i = 48 + z. What is the remainder when i is divided by 6?
2
Let k = -1385 - -2002. Suppose 3*u - 8*u = -3*c + 377, -3*u = 5*c - k. What is the remainder when c is divided by 24?
4
Suppose 5*i - 72 = -2*d, 0 = -2*i - 3*d - 0*d + 20. Let x(y) = -y**3 + 17*y**2 - 13*y - 10. What is the remainder when 151 is divided by x(i)?
37
Let u(i) = 2*i + 4. Let q be u(4). Let g = 18 - q. Suppose -4*m + 4596*d + 125 = 4599*d, -3*d = -3*m + 15. What is the remainder when m is divided by g?
2
Let n = 217 - 192. Suppose -6*o - 15*o = -210. Calculate the remainder when n is divided by o.
5
Let f be -4 + (-1 + 2)*(16 - 12). Suppose -4*l + 28 = 2*j, 4*j + 0*j + 4*l - 36 = f. Suppose j*r = -2*r + 174. Calculate the remainder when r is divided by 15.
14
Suppose 91*i + 612 = 103*i. Suppose -438 = -3*u - 3*b, 5*u = b - 3*b + 733. What is the remainder when u is divided by i?
45
Let a = 134 + 301. Suppose -12*s - a = -7*s. Let c = s - -149. Calculate the remainder when c is divided by 16.
14
Suppose 17*o - 59 = 43. Calculate the remainder when 23 is divided by (6 - -42)/o - 1.
2
Let z be 23/(-7) + 3 - 174/(-21). Suppose -368 = -z*r + 16. Calculate the remainder when 239 is divided by r.
47
Let k = -311 - -517. Suppose -208*t + 186 = -k*t. Calculate the remainder when t is divided by 46.
1
Suppose 0 = -0*c - 4*c. Suppose 0 = -l - 6, -66*l = -2*z - 70*l + 14. Calculate the remainder when (1 - c)*34 + -2 is divided by z.
13
Let j = -258 - -17. Let h = j + 255. Suppose -5*i + 73 = -342. Calculate the remainder when i is divided by h.
13
Let t(v) = -2 + 17*v**2 + 9 + 550*v - 556*v. What is the remainder when t(3) is divided by 18?
16
Let b = 3317 + -3310. Calculate the remainder when 3036 is divided by b.
5
Calculate the remainder when 12942 is divided by 62/4 - (-51)/102.
14
Let m(q) = 2*q**2 - 30*q - 23. Let h = 37 - 21. Let z be m(h). What is the remainder when 108 is divided by ((-54)/(-4))/z*222/9?
34
Let v(t) = -t**2 - 40*t - 194. Let s = -13 - -42. Calculate the remainder when s is divided by v(-6).
9
Suppose -2*w - 72 = -4*w. Let r be ((-620)/(-12))/(0 + (-4)/(-24)). Let i = -290 + r. What is the remainder when w is divided by i?
16
Let b = -106 - -168. Suppose -5*f + 4*r = -183, 2*f + 2*r = -2*r + b. Let g = 202 + -64. Calculate the remainder when g is divided by f.
33
Let b(a) = -10*a - 25. Let c be b(-11). Suppose -3*v - c = 2*v + 5*k, -4*v + k = 58. Calculate the remainder when ((-10)/(-15))/((-2)/v) is divided by 4.
1
Let x = -2398 - -3446. Suppose 2*k = 10*k - x. Suppose 0 = -v + 4*t + 26, 2*v - 2 = -t + 41. Calculate the remainder when k is divided by v.
21
Suppose 136*w - 43*w + 9756 = 635*w. Calculate the remainder when 52 is divided by w.
16
Let n(m) = m**2 - 3*m. Let g be n(3). Suppose g = -5*x + 74 - 24. Let h = -10346 - -10365. Calculate the remainder when h is divided by x.
9
Let g = -309 - -313. Suppose 28 = 3*m + g*j, -13*j + 15*j = 4*m - 74. What is the remainder when 36 is divided by m?
4
Let i(f) be the first derivative of -f**3/3 - 2*f**2 + 4*f - 14. Let c be i(-5). What is the remainder when 30 is divided by c/1*-4 + (0 - 0)?
2
Suppose -4*m - m + 365 = 4*x, -5*m + 4*x = -325. Let w(k) = -37*k + 396. Calculate the remainder when w(7) is divided by m.
68
Let j = -8688 - -9858. What is the remainder when j is divided by 241?
206
Suppose 3*n - 1 - 2 = 0, -h - 2*n = 460. Let c = -418 - h. Calculate the remainder when 184 is divided by c.
8
Suppose -86*o + 165 = -80*o + 21. What is the remainder when 1164 is divided by o?
12
Suppose 0 = 116*b - 118*b - 2*j + 2116, -4235 = -4*b - 5*j. Calculate the remainder when b is divided by 106.
101
Let